6?
-1633050
In base 4, what is 21213120 - -10?
21213130
In base 5, what is 12300 - 212021?
-144221
In base 3, what is 21011201112 + 0?
21011201112
In base 8, what is -5 - -31421?
31414
In base 15, what is 3402 + 5?
3407
In base 16, what is -13 - -e55?
e42
In base 5, what is 10032 + 2323?
12410
In base 9, what is 62 - -1335?
1407
In base 11, what is -5 + -8162?
-8167
In base 4, what is -100 + -3021?
-3121
In base 7, what is -4 - -425352?
425345
In base 16, what is 272 + -183?
ef
In base 4, what is 2 + -101031122?
-101031120
In base 5, what is -432414043 + -4?
-432414102
In base 11, what is -1435 - -247?
-1199
In base 16, what is -cf9 - 1b?
-d14
In base 10, what is -13031 - 41?
-13072
In base 10, what is 90 - 3973?
-3883
In base 2, what is -1 - 11001101000001011?
-11001101000001100
In base 13, what is 31 - 4a8c?
-4a5b
In base 2, what is -1001111010011 + 100?
-1001111001111
In base 14, what is -26 + -a0?
-c6
In base 8, what is -2 + 226532?
226530
In base 7, what is 23 + 1341562?
1341615
In base 6, what is 11514 - 23?
11451
In base 2, what is -10110111000 - 1?
-10110111001
In base 6, what is -53 + -2511?
-3004
In base 15, what is 15cd9 - -8?
15ce2
In base 6, what is 452313 - -2?
452315
In base 11, what is 235709 - 5?
235704
In base 16, what is -3 + -eac51?
-eac54
In base 9, what is 522 - -161?
683
In base 10, what is -565778 - 1?
-565779
In base 2, what is -100010110 + 100110?
-11110000
In base 3, what is 112 + -1100?
-211
In base 16, what is 4811d0 + -4?
4811cc
In base 2, what is -1110 + -11101010000?
-11101011110
In base 12, what is -21a0 + 3?
-2199
In base 16, what is -3 - -28b26?
28b23
In base 12, what is 566 - a?
558
In base 6, what is 3 + -35430?
-35423
In base 10, what is -936052 - -3?
-936049
In base 2, what is -10011110011 - -110010?
-10011000001
In base 8, what is 0 + 243447?
243447
In base 4, what is 11232 + 21221?
33113
In base 14, what is c3b + -8?
c33
In base 3, what is 11202010 + -1102?
11200201
In base 12, what is -13 - 347?
-35a
In base 16, what is -4aa - -1ea1?
19f7
In base 7, what is 151 - 4?
144
In base 7, what is 144 + -44200?
-44023
In base 3, what is -122022212 + 2?
-122022210
In base 4, what is -1101113132 + -3?
-1101113201
In base 10, what is -3 + -23658?
-23661
In base 9, what is -38412 - 3?
-38415
In base 9, what is 0 - -238588?
238588
In base 10, what is -191193 + 3?
-191190
In base 10, what is -51 + -18509?
-18560
In base 2, what is -101 - 1000000101111?
-1000000110100
In base 13, what is 191 - -12a?
2bb
In base 2, what is 1100111111101 + 11001?
1101000010110
In base 15, what is 8258 - 9?
824e
In base 4, what is 11 + 212130023?
212130100
In base 10, what is 16 + -286328?
-286312
In base 2, what is -10001111 - 1101010010?
-1111100001
In base 2, what is 10011100110101 - 1000000?
10011011110101
In base 13, what is 2144 + -43?
2101
In base 14, what is -18 - 18a3?
-18bb
In base 11, what is -1 - 740a1a?
-740a20
In base 15, what is 5 - 3e615?
-3e610
In base 11, what is -322434 + 5?
-32242a
In base 9, what is 3 - 22452?
-22448
In base 3, what is -11121 + -10200?
-22021
In base 7, what is -120 - 23032?
-23152
In base 2, what is -10 + -11101100011000100?
-11101100011000110
In base 3, what is -110210222 - 11?
-110211010
In base 10, what is 86 - -3218?
3304
In base 11, what is 32a4 + -27?
3278
In base 12, what is 184 - -169b?
1863
In base 6, what is -133 + -15544?
-20121
In base 14, what is -9d9 - -32?
-9a7
In base 12, what is 100 + -baa?
-aaa
In base 9, what is 137504 + -1?
137503
In base 2, what is -11101100010010110100 - 100?
-11101100010010111000
In base 7, what is 2 + 2522615?
2522620
In base 13, what is 5 - -1492a?
14932
In base 8, what is 4 - 147050?
-147044
In base 4, what is 3332 + 3213?
13211
In base 6, what is -21004022 + -5?
-21004031
In base 10, what is 7 + 63437?
63444
In base 11, what is -185 + 4238?
4063
In base 9, what is 27 - 678?
-651
In base 3, what is -21102100210 - -12?
-21102100121
In base 11, what is 3 + 6177?
617a
In base 6, what is -2315143 - -3?
-2315140
In base 16, what is e160f - 1?
e160e
In base 4, what is 3300 + 110133?
120033
In base 3, what is 2 - -202211200211?
202211200220
In base 10, what is -302 - -4264?
3962
In base 3, what is -2011222 + 101?
-2011121
In base 7, what is 201323 + 5?
201331
In base 9, what is -58 - 1075?
-1144
In base 6, what is -4150105 + -1?
-4150110
In base 10, what is -17981 - -249?
-17732
In base 5, what is 10240 - 13004?
-2214
In base 14, what is 8523 + 0?
8523
In base 11, what is -1 + 11816?
11815
In base 5, what is 3312 + -20?
3242
In base 13, what is -6 - -2208?
2202
In base 8, what is 15075 - -25?
15122
In base 13, what is 0 + 3b55?
3b55
In base 11, what is -2008514 + -2?
-2008516
In base 5, what is 4 + -2441220?
-2441211
In base 16, what is 19 - -e41?
e5a
In base 15, what is -985 - 18?
-99d
In base 3, what is -1000020212 + -11?
-1000021000
In base 11, what is -46 + -1426?
-1471
In base 14, what is 4 - 5939?
-5935
In base 10, what is -9 + -113050?
-113059
In base 6, what is 15213422 + -4?
15213414
In base 2, what is 100101 + 100010100001100?
100010100110001
In base 15, what is 7a + 2c2?
34c
In base 6, what is 30 + 32313?
32343
In base 14, what is 2bba - 13?
2ba7
In base 9, what is -568 + 0?
-568
In base 8, what is -232 - 217?
-451
In base 11, what is 77 - 10274?
-101a8
In base 4, what is 100313233 + 2?
100313301
In base 16, what is 180e13 + -3?
180e10
In base 6, what is -15002 + 322?
-14240
In base 15, what is -5 - -3a87a?
3a875
In base 4, what is 10030300 + 10?
10030310
In base 11, what is 5 - -50332?
50337
In base 12, what is -2aa74 + -5?
-2aa79
In base 9, what is 3 - -14143?
14146
In base 15, what is 29 - 51c6?
-519c
In base 11, what is -10669 + -15?
-10683
In base 4, what is 2 + 13331122?
13331130
In base 13, what is 4 - c8256?
-c8252
In base 15, what is b033 + 8d?
b0c1
In base 10, what is -115 + -1215?
-1330
In base 14, what is 0 - 14bd?
-14bd
In base 6, what is -5 + 21021?
21012
In base 11, what is 4 + 21698?
216a1
In base 12, what is 1ab - 131?
7a
In base 16, what is e + -dca?
-dbc
In base 15, what is 1e72c + 1?
1e72d
In base 10, what is 105 + 286?
391
In base 2, what is 101001100101111100 + -10001?
101001100101101011
In base 10, what is -4 + 5460?
5456
In base 6, what is -21242 + -1404?
-23050
In base 8, what is 26 + -5154?
-5126
In base 7, what is -11223 + 443?
-10450
In base 9, what is -71 + -6637?
-6718
In base 8, what is -2427670 + 0?
-2427670
In base 12, what is 327 - -663?
98a
In base 11, what is 5 - 38a3?
-3899
In base 2, what is 1100100110 + 1100100?
1110001010
In base 13, what is -a037 + 5?
-a032
In base 3, what is -12112220200 + -11?
-12112220211
In base 16, what is -2 + -246e?
-2470
In base 9, what is 56 - -24568?
24635
In base 13, what is 0 + -2643a9?
-2643a9
In base 12, what is 7 - 25437?
-25430
In base 5, what is -242 + 141422?
141130
In base 15, what is -15d4 + e2?
-14e2
In base 11, what is 7570 - -18?
7588
In base 2, what is -1000100 - -11111011010011?
11111010001111
In base 5, what is -1134010 - -24?
-1133431
In base 2, what is 111 + -110000111101010?
-110000111100011
In base 16, what is 11 + 12fe?
130f
In base 6, what is 3523 - 11?
3512
In base 9, what is -11788 + 7?
-11781
In base 15, what is -3 - 5b512?
-5b515
In base 7, what is 1 - -5303?
5304
In base 5, what is -213 + -142?
-410
In base 8, what is 123 - -12303?
12426
In base 2, what is -100 + -10001101110010111?
-10001101110011011
In base 11, what is 5593 - -7?
559a
In base 16, what is 996 - 6?
990
In base 5, what is 43400311 - -3?
43400314
In base 5, what is -20304444 - -3?
-20304441
In base 8, what is 314 + -16603?
-16267
In base 12, what is -966708 - 1?
-966709
In base 9, what is 6474 - -11?
6485
In base 15, what is 689 + 41?
6ca
In base 13, what is 68199 - -4?
681a0
In base 12, what is -1 + 52a11?
52a10
In base 15, what is -1d + 6b7?
699
In base 7, what is 6 - 33430?
-33421
In base 5, what is -333 + -402432?
-403320
In base 5, what is -230 - -420140?
414410
In base 11, what is 1 + 41904?
41905
In base 7, what is 1103 - 660?
113
In base 10, what is -34859 - 0?
-34859
In base 11, what is 3 - 242a9a?
-242a97
In base 8, what is 313577 - 1?
313576
In base 5, what is 103 + 21110?
21213
In base 2, what is -1011011110100001 + 0?
-1011011110100001
In base 9, what is 52 - 1503?
-1441
In bas